49880638?
0
What is the units digit of 520112107?
7
What is the hundred millions digit of 370307172?
3
What is the ten thousands digit of 13480426?
8
What is the billions digit of 1955641209?
1
What is the ten thousands digit of 4739897795?
9
What is the tens digit of 724143909?
0
What is the ten thousands digit of 106545728?
4
What is the thousands digit of 17816684?
6
What is the tens digit of 3837195308?
0
What is the hundreds digit of 612197157?
1
What is the thousands digit of 454998696?
8
What is the ten thousands digit of 57872125?
7
What is the ten thousands digit of 143048221?
4
What is the thousands digit of 3658285913?
5
What is the tens digit of 17038242?
4
What is the units digit of 16736222?
2
What is the hundred thousands digit of 7395798768?
7
What is the hundreds digit of 60230100?
1
What is the hundred thousands digit of 156070140?
0
What is the millions digit of 89950025?
9
What is the tens digit of 2194219508?
0
What is the units digit of 46030996?
6
What is the units digit of 2834629297?
7
What is the millions digit of 213789522?
3
What is the millions digit of 251601558?
1
What is the units digit of 7201018?
8
What is the units digit of 593874042?
2
What is the ten thousands digit of 522384303?
8
What is the thousands digit of 175229084?
9
What is the millions digit of 37616868?
7
What is the thousands digit of 54498662?
8
What is the units digit of 2229985490?
0
What is the millions digit of 524219853?
4
What is the millions digit of 103917651?
3
What is the hundred millions digit of 3258947476?
2
What is the tens digit of 47398602?
0
What is the hundreds digit of 101162371?
3
What is the millions digit of 237578885?
7
What is the units digit of 2491774584?
4
What is the thousands digit of 604453?
4
What is the hundreds digit of 44716518?
5
What is the millions digit of 416359105?
6
What is the thousands digit of 138106169?
6
What is the units digit of 20066017?
7
What is the tens digit of 360219652?
5
What is the hundred thousands digit of 2864255439?
2
What is the millions digit of 458882554?
8
What is the hundred thousands digit of 5663943393?
9
What is the units digit of 39299200?
0
What is the ten thousands digit of 220324361?
2
What is the thousands digit of 73201900?
1
What is the thousands digit of 428941442?
1
What is the tens digit of 719062635?
3
What is the millions digit of 1495176224?
5
What is the hundred thousands digit of 2101924362?
9
What is the hundred millions digit of 107264906?
1
What is the hundred thousands digit of 59887463?
8
What is the hundred thousands digit of 59362515?
3
What is the millions digit of 77334994?
7
What is the hundreds digit of 260517236?
2
What is the hundred millions digit of 242087475?
2
What is the tens digit of 235763887?
8
What is the tens digit of 182551996?
9
What is the tens digit of 509512045?
4
What is the units digit of 76167411?
1
What is the ten thousands digit of 2207175415?
7
What is the hundred thousands digit of 266419092?
4
What is the thousands digit of 1322834109?
4
What is the units digit of 187606050?
0
What is the thousands digit of 192934212?
4
What is the ten millions digit of 10433562?
1
What is the hundreds digit of 612807270?
2
What is the billions digit of 2257361312?
2
What is the tens digit of 31586800?
0
What is the ten thousands digit of 561982747?
8
What is the thousands digit of 14367748?
7
What is the millions digit of 186382836?
6
What is the ten millions digit of 103029780?
0
What is the thousands digit of 482312312?
2
What is the hundred millions digit of 140250100?
1
What is the millions digit of 357305746?
7
What is the tens digit of 3228917447?
4
What is the ten thousands digit of 14402992?
0
What is the units digit of 2615634376?
6
What is the tens digit of 7733638?
3
What is the billions digit of 1529727441?
1
What is the millions digit of 1283695962?
3
What is the millions digit of 423076722?
3
What is the units digit of 120803625?
5
What is the thousands digit of 114181219?
1
What is the thousands digit of 128079118?
9
What is the hundreds digit of 7432277?
2
What is the hundred thousands digit of 1849734?
8
What is the millions digit of 8059170?
8
What is the tens digit of 3538492867?
6
What is the units digit of 5095485388?
8
What is the tens digit of 149022262?
6
What is the hundred millions digit of 1196284603?
1
What is the hundred thousands digit of 45085238?
0
What is the hundred thousands digit of 56484060?
4
What is the hundred millions digit of 482508767?
4
What is the ten millions digit of 221895267?
2
What is the millions digit of 3302617?
3
What is the ten thousands digit of 242001056?
0
What is the thousands digit of 554800897?
0
What is the ten millions digit of 27057823?
2
What is the ten thousands digit of 843827974?
2
What is the tens digit of 1658304666?
6
What is the hundreds digit of 91460924?
9
What is the millions digit of 70945655?
0
What is the tens digit of 1627571992?
9
What is the units digit of 1025300933?
3
What is the units digit of 58926795?
5
What is the ten millions digit of 6742884845?
4
What is the units digit of 366303654?
4
What is the millions digit of 95099614?
5
What is the millions digit of 117095891?
7
What is the tens digit of 57962030?
3
What is the thousands digit of 1116555338?
5
What is the ten thousands digit of 296500822?
0
What is the ten thousands digit of 470694169?
9
What is the tens digit of 933339102?
0
What is the ten thousands digit of 40697762?
9
What is the ten millions digit of 318464366?
1
What is the ten thousands digit of 502262771?
6
What is the thousands digit of 2850962212?
2
What is the tens digit of 68373350?
5
What is the ten millions digit of 46936045?
4
What is the tens digit of 8757054067?
6
What is the ten millions digit of 14936896?
1
What is the thousands digit of 189865910?
5
What is the thousands digit of 629368023?
8
What is the units digit of 74127562?
2
What is the hundreds digit of 367769809?
8
What is the tens digit of 195844346?
4
What is the thousands digit of 81640617?
0
What is the hundreds digit of 48432615?
6
What is the hundreds digit of 2697424150?
1
What is the thousands digit of 238497053?
7
What is the hundred thousands digit of 620263?
6
What is the thousands digit of 100806485?
6
What is the thousands digit of 352872066?
2
What is the hundred millions digit of 192813018?
1
What is the tens digit of 2346055118?
1
What is the ten millions digit of 7531229838?
3
What is the hundred millions digit of 132797546?
1
What is the units digit of 956550046?
6
What is the hundreds digit of 88407179?
1
What is the ten millions digit of 239372135?
3
What is the tens digit of 4775173155?
5
What is the ten thousands digit of 2384952658?
5
What is the thousands digit of 21885708?
5
What is the units digit of 104780139?
9
What is the tens digit of 2368892?
9
What is the ten millions digit of 4929500211?
2
What is the billions digit of 1073569472?
1
What is the ten thousands digit of 147368421?
6
What is the ten thousands digit of 82131303?
3
What is the hundred thousands digit of 364386171?
3
What is the hundred millions digit of 3092428064?
0
What is the ten thousands digit of 61948656?
4
What is the units digit of 806462979?
9
What is the units digit of 2486512511?
1
What is the ten millions digit of 4872957114?
7
What is the units digit of 40625959?
9
What is the units digit of 17592834?
4
What is the ten thousands digit of 107563191?
6
What is the millions digit of 225017227?
5
What is the millions digit of 771423235?
1
What is the thousands digit of 54539951?
9
What is the ten thousands digit of 94316444?
1
What is the hundred thousands digit of 34592913?
5
What is the hundreds digit of 644808761?
7
What is the hundreds digit of 1315921083?
0
What is the units digit of 3158065627?
7
What is the hundred millions digit of 442397351?
4
What is the tens digit of 271585311?
1
What is the tens digit of 93259947?
4
What is the hundreds digit of 208582055?
0
What is the hundred millions digit of 132763139?
1
What is the tens digit of 178530336?
3
What is the thousands digit of 149541325?
1
What is the thousands digit of 66964932?
4
What is the millions digit of 1967946571?
7
What is the ten millions digit of 21199301?
2
What is the billions digit of 2